{"id":344,"date":"2015-10-10T02:46:09","date_gmt":"2015-10-10T02:46:09","guid":{"rendered":"http:\/\/structure.thememove.com\/01\/?page_id=344"},"modified":"2016-01-17T21:07:35","modified_gmt":"2016-01-17T20:07:35","slug":"projektiranje-izvodenje","status":"publish","type":"page","link":"https:\/\/www.mepro.hr\/index.php\/usluge\/projektiranje-izvodenje\/","title":{"rendered":"Projektiranje &#038; izvo\u0111enje"},"content":{"rendered":"<p>[vc_row][vc_column][vc_column_text]<\/p>\n<blockquote><p>[\/vc_column_text][\/vc_column][\/vc_row][vc_row css=&#8221;.vc_custom_1433128525365{margin-top: 0px !important;margin-bottom: 40px !important;}&#8221;][vc_column][vc_custom_heading text=&#8221;MEPRO PROJEKTIRA I IZVODI RADOVE&#8221; font_container=&#8221;tag:h2|font_size:20|text_align:left&#8221; use_theme_fonts=&#8221;yes&#8221; el_class=&#8221;heading-title-3&#8243;][\/vc_column][\/vc_row][vc_row css=&#8221;.vc_custom_1433128537128{margin-bottom: 50px !important;}&#8221;][vc_column width=&#8221;1\/2&#8243;][vc_images_carousel images=&#8221;74929,74930,74931,74830&#8243; img_size=&#8221;415&#215;277&#8243; onclick=&#8221;link_no&#8221; speed=&#8221;3000&#8243; autoplay=&#8221;yes&#8221; hide_prev_next_buttons=&#8221;yes&#8221; wrap=&#8221;yes&#8221; el_class=&#8221;images-carousel-2&#8243;][vc_empty_space][vc_column_text]<span id=\"result_box\" class=\"\" lang=\"hr\"><span class=\"hps\">Kao<\/span> <span class=\"hps\">glavni izvo\u0111a\u010d<\/span>, najprije <span class=\"hps\">stvaramo<\/span> <span class=\"hps\">najvi\u0161u razinu<\/span> <span class=\"hps\">povjerenja i<\/span> <span class=\"hps\">integriteta<\/span> <span class=\"hps\">s na\u0161im<\/span> <span class=\"hps\">klijentima<\/span><span class=\"\"> koji je klju\u010dan u realizaciji projekta i ispunjavanju zadanih rokova.<br \/>\n<\/span><\/span>[\/vc_column_text][\/vc_column][vc_column width=&#8221;1\/2&#8243;][vc_column_text]MEPRO je usluge projektiranja preuzeo od velikih gra\u0111evinskih izvo\u0111a\u010da sa projektantskim iskustvom. Zahvaljuju\u0107i tehni\u010dkom i komercijalnom iskustvu znamo \u0161to \u0107e na ve\u0161em gradili\u0161tu funkcionirati, a \u0161to ne\u0107e.<\/p>\n<p>Na\u0161e in\u017eenjerske usluge pokrivaju sve mehani\u010dke i elektri\u010dne aspekte projekta, od akustike i temperature do esencijalne snage i podatkovnih usluga.[\/vc_column_text][vc_empty_space height=&#8221;20&#8243;][\/vc_column][\/vc_row][vc_row css=&#8221;.vc_custom_1433128571469{margin-top: 50px !important;margin-bottom: 40px !important;}&#8221;][vc_column][vc_custom_heading text=&#8221;\u0160to osigurava uspje\u0161nost projekta&#8221; font_container=&#8221;tag:h2|font_size:20|text_align:left&#8221; el_class=&#8221;heading-title-3&#8243;][\/vc_column][\/vc_row][vc_row css=&#8221;.vc_custom_1433128555329{margin-bottom: 50px !important;}&#8221;][vc_column][vc_accordion][vc_accordion_tab title=&#8221;Stru\u010dnost i u\u010dinkovitost zaposlenika na projektu&#8221;][vc_column_text]Ba\u0161 kao i u svakom drugom dijelu MEPRO-a, klju\u010d uspjeha le\u017ei prije svega u ljudskim resursima i na\u0161em partnerskom pristupu. Stru\u010dan in\u017eenjerski tim, administrativna uredska podr\u0161ka sa upravom i\u00a0visoko motiviranim iskusnim zaposlenicima na gradili\u0161tu, zajedni\u010dkim radom i predano\u0161\u0107u osiguravaju kvalitetu te isporuku svih usluga u zadanim rokovima.[\/vc_column_text][\/vc_accordion_tab][vc_accordion_tab title=&#8221;Izvo\u0111enje vrijednosnog in\u017eenjeringa&#8221;][vc_column_text]Benefiti koji se posti\u017eu pomo\u0107u vrijednosne metodologije odnosno provo\u0111enjem vrijednosnog in\u017eenjeringa daleko nadma\u0161uju ulo\u017eeno. Smanjenjem vremena i tro\u0161kova, a pove\u0107anjem kvalitete, pridonose korporativnom uspjehu i vrijednosti poreznog obveznika.<\/p>\n<p>Vrijednosna Metodologija (VM) je sustavan i strukturiran pristup za pobolj\u0161anje projekata, proizvoda i procesa. VM, koji je tako\u0111er poznat kao vrijednosni in\u017eenjering, koristi se za analizu i pobolj\u0161anje instalaterskih procesa, projektiranja i upravljanja MEPRO HVAC &amp; Elektro projekta te poslovnih i administrativnih procesa.[\/vc_column_text][\/vc_accordion_tab][vc_accordion_tab title=&#8221;Inspekcija i za\u0161tita na radu&#8221;][vc_column_text]Redovitim inspekcijama, MEPRO osigurava sigurnost gradili\u0161ta. Mjere za\u0161tite na radu u MEPRU provode rukovode\u0107e osobe i svaki zaposlenik u svom djelokrugu rada.<\/p>\n<p>Shodno tome svi rukovode\u0107i i izvr\u0161ni zaposlenici koji samostalno obavljaju radne zada\u0107e osposobljeni su za rad na siguran na\u010din.<\/p>\n<p>Na taj na\u010din MEPRO smanjenjuje broj nezgoda, profesionalnih bolesti i materijalnih gubitaka nastalih zbog zastoja u radu.[\/vc_column_text][\/vc_accordion_tab][vc_accordion_tab title=&#8221;Upravljanje projektom i vremensko planiranje&#8221;][vc_column_text]Planiranje i upravljanje za cilj imaju predvidjeti budu\u0107nost, a pritom se u obzir moraju uzeti brojne neizvjesnosti i pretpostavke. Kao rezultat toga, mnogi ljudi vjeruju da je dobar projektni plan ili raspored vi\u0161e umjetnost nego znanost.<\/p>\n<p>Stekli smo zavidnu reputaciju za visoku kvalitetu izvedenih radova i in\u017eenjering poslova, a na\u0161e iskustvo u upravljanju projektima koje smo stekli tijekom dugog niza godina u bran\u0161i, stoji Vam na raspolaganju.[\/vc_column_text][\/vc_accordion_tab][\/vc_accordion][\/vc_column][\/vc_row][vc_row][vc_column][vc_column_text]<\/p>\n<p>[\/vc_column_text][vc_images_carousel images=&#8221;74933,74932,74934,74935&#8243; img_size=&#8221;870&#215;460&#8243; onclick=&#8221;link_no&#8221; speed=&#8221;3500&#8243; autoplay=&#8221;yes&#8221; hide_prev_next_buttons=&#8221;yes&#8221; wrap=&#8221;yes&#8221; el_class=&#8221;images-carousel-2&#8243;][vc_empty_space][\/vc_column][\/vc_row][vc_row background_color=&#8221;#b71d1d&#8221; el_class=&#8221;intro5&#8243;][vc_column width=&#8221;3\/4&#8243;][vc_custom_heading text=&#8221;Tra\u017eite projektanata za HVAC i elektroinstalacije na Va\u0161em projektu?&#8221; font_container=&#8221;tag:h2|font_size:20|text_align:left|color:%23ffffff&#8221; use_theme_fonts=&#8221;yes&#8221;][\/vc_column][vc_column width=&#8221;1\/4&#8243;][vc_btn title=&#8221;ZATRA\u017dITE PONUDU&#8221; style=&#8221;custom&#8221; custom_text=&#8221;#ffffff&#8221; link=&#8221;url:http%3A%2F%2Fmepro.hr%2Findex.php%2Fmepro-naslovna%2Fzatrazi_ponudu%2F||&#8221;][\/vc_column][\/vc_row][vc_row][vc_column][vc_column_text]<\/p><\/blockquote>\n<p>[\/vc_column_text][\/vc_column][\/vc_row]<\/p>\n","protected":false},"excerpt":{"rendered":"<p>[vc_row][vc_column][vc_column_text] [\/vc_column_text][\/vc_column][\/vc_row][vc_row css=&#8221;.vc_custom_1433128525365{margin-top: 0px !important;margin-bottom: 40px !important;}&#8221;][vc_column][vc_custom_heading text=&#8221;MEPRO PROJEKTIRA I IZVODI RADOVE&#8221; font_container=&#8221;tag:h2|font_size:20|text_align:left&#8221; use_theme_fonts=&#8221;yes&#8221; el_class=&#8221;heading-title-3&#8243;][\/vc_column][\/vc_row][vc_row css=&#8221;.vc_custom_1433128537128{margin-bottom: 50px !important;}&#8221;][vc_column width=&#8221;1\/2&#8243;][vc_images_carousel images=&#8221;74929,74930,74931,74830&#8243; img_size=&#8221;415&#215;277&#8243; onclick=&#8221;link_no&#8221; speed=&#8221;3000&#8243; autoplay=&#8221;yes&#8221; hide_prev_next_buttons=&#8221;yes&#8221; wrap=&#8221;yes&#8221; el_class=&#8221;images-carousel-2&#8243;][vc_empty_space][vc_column_text]Kao glavni izvo\u0111a\u010d, najprije stvaramo najvi\u0161u razinu povjerenja i integriteta s na\u0161im klijentima koji je klju\u010dan u realizaciji projekta i ispunjavanju zadanih rokova. [\/vc_column_text][\/vc_column][vc_column width=&#8221;1\/2&#8243;][vc_column_text]MEPRO je usluge projektiranja preuzeo [&hellip;]<\/p>\n","protected":false},"author":1,"featured_media":0,"parent":59,"menu_order":0,"comment_status":"closed","ping_status":"closed","template":"","meta":{"footnotes":""},"class_list":["post-344","page","type-page","status-publish","hentry"],"_links":{"self":[{"href":"https:\/\/www.mepro.hr\/index.php\/wp-json\/wp\/v2\/pages\/344","targetHints":{"allow":["GET"]}}],"collection":[{"href":"https:\/\/www.mepro.hr\/index.php\/wp-json\/wp\/v2\/pages"}],"about":[{"href":"https:\/\/www.mepro.hr\/index.php\/wp-json\/wp\/v2\/types\/page"}],"author":[{"embeddable":true,"href":"https:\/\/www.mepro.hr\/index.php\/wp-json\/wp\/v2\/users\/1"}],"replies":[{"embeddable":true,"href":"https:\/\/www.mepro.hr\/index.php\/wp-json\/wp\/v2\/comments?post=344"}],"version-history":[{"count":9,"href":"https:\/\/www.mepro.hr\/index.php\/wp-json\/wp\/v2\/pages\/344\/revisions"}],"predecessor-version":[{"id":75061,"href":"https:\/\/www.mepro.hr\/index.php\/wp-json\/wp\/v2\/pages\/344\/revisions\/75061"}],"up":[{"embeddable":true,"href":"https:\/\/www.mepro.hr\/index.php\/wp-json\/wp\/v2\/pages\/59"}],"wp:attachment":[{"href":"https:\/\/www.mepro.hr\/index.php\/wp-json\/wp\/v2\/media?parent=344"}],"curies":[{"name":"wp","href":"https:\/\/api.w.org\/{rel}","templated":true}]}}