{"id":61,"date":"2015-03-02T04:38:49","date_gmt":"2015-03-02T04:38:49","guid":{"rendered":"http:\/\/structure.thememove.com\/01\/?page_id=61"},"modified":"2019-10-19T09:45:58","modified_gmt":"2019-10-19T07:45:58","slug":"o-nama","status":"publish","type":"page","link":"https:\/\/www.mepro.hr\/index.php\/mepro-naslovna\/o-nama\/","title":{"rendered":"O nama"},"content":{"rendered":"<p>[vc_row css=&#8221;.vc_custom_1432547512827{margin-bottom: 50px !important;}&#8221;][vc_column width=&#8221;1\/4&#8243;][vc_widget_sidebar sidebar_id=&#8221;sidebar&#8221;][\/vc_column][vc_column width=&#8221;3\/4&#8243;][vc_custom_heading text=&#8221;O NAMA&#8221; font_container=&#8221;tag:h2|font_size:20|text_align:left|color:%23111111&#8243; el_class=&#8221;heading-title-3&#8243;][vc_row_inner el_class=&#8221;align-center .certifications-block&#8221;][vc_column_inner width=&#8221;1\/2&#8243;][vc_column_text css_animation=&#8221;right-to-left&#8221;]Od svog osnivanja, MEPRO je izgradio svoju reputaciju kao izvoditelj instalacija pod motom \u201eJEDAN TIM za sve instalacije\u201c. MEPRO-v uspjeh temelji se u poduzetni\u010dkoj predanosti uspjehu svojih klijenata i uspjehu svojih zaposlenika.<\/p>\n<p>MEPRO je &#8220;full-service&#8221; instalaterska tvrtka koja nudi niz usluga: kompletno ugovaranje projekta instalacijskih konstrukcija, objektni in\u017eenjering i procesnu tehnologiju, upravljanje i odr\u017eavanje objekata, upravljanje energijom, industrijske HVAC i elektroinstalacije.[\/vc_column_text][vc_empty_space][vc_single_image image=&#8221;75075&#8243; img_size=&#8221;medium&#8221; onclick=&#8221;custom_link&#8221; link=&#8221;https:\/\/strukturnifondovi.hr\/financijski-instrumenti\/&#8221;][vc_empty_space][vc_single_image image=&#8221;75077&#8243; img_size=&#8221;medium&#8221; alignment=&#8221;center&#8221; onclick=&#8221;custom_link&#8221; link=&#8221;https:\/\/hamagbicro.hr\/&#8221;][vc_column_text css_animation=&#8221;none&#8221;]<\/p>\n<p style=\"text-align: center;\">Hrvatska agencija za malo gospodarstvo, inovacije i investicije.<\/p>\n<p>[\/vc_column_text][vc_empty_space][\/vc_column_inner][vc_column_inner width=&#8221;1\/2&#8243;][vc_column_text css_animation=&#8221;right-to-left&#8221;]Na podru\u010dju Hrvatske, Njema\u010dke i Srbije MEPRO zapo\u0161ljava oko 140 djelatnika koji su do sada uspje\u0161no zavr\u0161ili 22 projekta na gradili\u0161tima u Njema\u010dkoj, Hrvatskoj i Srbiji u roku od 2014. godine.<\/p>\n<p>Mepro ima stru\u010dne in\u017eenjere za energiju i tehniku, sposobnost i sredstva za samostalno izvo\u0111enje svih instalacija na pojedinom projektu. <strong>\u201eJEDAN TIM za sve instalacije!\u201c<\/strong>[\/vc_column_text][vc_empty_space][vc_single_image image=&#8221;75088&#8243; img_size=&#8221;medium&#8221; alignment=&#8221;center&#8221; onclick=&#8221;custom_link&#8221; link=&#8221;https:\/\/europa.eu&#8221;][vc_column_text css_animation=&#8221;none&#8221;]<\/p>\n<p style=\"text-align: center;\">Ovaj projekt sufinancira Europska Unija<\/p>\n<p>[\/vc_column_text][vc_empty_space][\/vc_column_inner][\/vc_row_inner][vc_custom_heading text=&#8221;NA\u0160A MISIJA&#8221; font_container=&#8221;tag:h2|font_size:20|text_align:left|color:%23111111&#8243; el_class=&#8221;heading-title-3&#8243; css=&#8221;.vc_custom_1446031838766{margin-top: 30px !important;}&#8221;][vc_row_inner el_class=&#8221;align-center .certifications-block&#8221;][vc_column_inner width=&#8221;1\/3&#8243;][vc_column_text css_animation=&#8221;left-to-right&#8221;]<a href=\"http:\/\/www.mepro.hr\/wp-content\/uploads\/2015\/03\/MEPRO-barometar-1200x720-ref.jpg\"><img loading=\"lazy\" decoding=\"async\" class=\"alignnone size-medium wp-image-74790\" src=\"http:\/\/www.mepro.hr\/wp-content\/uploads\/2015\/03\/MEPRO-barometar-1200x720-ref-300x180.jpg\" alt=\"MEPRO barometar\" width=\"300\" height=\"180\" srcset=\"https:\/\/www.mepro.hr\/wp-content\/uploads\/2015\/03\/MEPRO-barometar-1200x720-ref-300x180.jpg 300w, https:\/\/www.mepro.hr\/wp-content\/uploads\/2015\/03\/MEPRO-barometar-1200x720-ref-800x480.jpg 800w, https:\/\/www.mepro.hr\/wp-content\/uploads\/2015\/03\/MEPRO-barometar-1200x720-ref.jpg 950w\" sizes=\"auto, (max-width: 300px) 100vw, 300px\" \/><\/a><\/p>\n<h4>SIGURNOST<\/h4>\n<p>Sigurnost je jedna od na\u0161ih najva\u017enijih temeljnih vrijednosti. Ona je na\u0161 prioritet u svakodnevnom radu.[\/vc_column_text][\/vc_column_inner][vc_column_inner width=&#8221;1\/3&#8243;][vc_column_text]<img loading=\"lazy\" decoding=\"async\" class=\"size-medium wp-image-74794\" src=\"http:\/\/www.mepro.hr\/wp-content\/uploads\/2015\/03\/Mepro-drustvena-odgovornost-2-300x188.jpg\" alt=\"MEPRO - Dru\u0161tvena odgovorsnost\" width=\"300\" height=\"188\" srcset=\"https:\/\/www.mepro.hr\/wp-content\/uploads\/2015\/03\/Mepro-drustvena-odgovornost-2-300x188.jpg 300w, https:\/\/www.mepro.hr\/wp-content\/uploads\/2015\/03\/Mepro-drustvena-odgovornost-2-800x500.jpg 800w, https:\/\/www.mepro.hr\/wp-content\/uploads\/2015\/03\/Mepro-drustvena-odgovornost-2.jpg 1920w\" sizes=\"auto, (max-width: 300px) 100vw, 300px\" \/><\/p>\n<h4>DRU\u0160TVENA ODGOVORNOST<\/h4>\n<p><span id=\"result_box\" class=\"\" lang=\"hr\"><span class=\"hps\">Uklju\u010divanje<\/span> <span class=\"hps\">i<\/span> <span class=\"hps\">podr\u0161ka<\/span> dru\u0161tvenoj<span class=\"hps\"> zajednici<\/span><span class=\"hps\"> u srcu je<\/span> <span class=\"hps\">na\u0161e tvrtke<\/span><span class=\"\">.<\/span><\/span>[\/vc_column_text][\/vc_column_inner][vc_column_inner width=&#8221;1\/3&#8243;][vc_column_text css_animation=&#8221;right-to-left&#8221;]<a href=\"http:\/\/www.mepro.hr\/wp-content\/uploads\/2015\/03\/Mepro-drustvena-odgovornost.jpg\"><img loading=\"lazy\" decoding=\"async\" class=\"alignnone size-medium wp-image-74792\" src=\"http:\/\/www.mepro.hr\/wp-content\/uploads\/2015\/03\/Mepro-drustvena-odgovornost-300x202.jpg\" alt=\"Mepro - odr\u017eivost\" width=\"300\" height=\"202\" srcset=\"https:\/\/www.mepro.hr\/wp-content\/uploads\/2015\/03\/Mepro-drustvena-odgovornost-300x202.jpg 300w, https:\/\/www.mepro.hr\/wp-content\/uploads\/2015\/03\/Mepro-drustvena-odgovornost.jpg 520w\" sizes=\"auto, (max-width: 300px) 100vw, 300px\" \/><\/a><\/p>\n<h4>ODR\u017dIVOST<\/h4>\n<p>MEPRO-va dugoro\u010dna <span id=\"result_box\" class=\"\" lang=\"hr\"><span class=\"hps\">predanost<\/span> <span class=\"hps\">zelenoj gradnji <\/span><span class=\"hps\">i odr\u017eivosti instalacijskih sustava jedna je od temeljnih vrijednost tvrtke<\/span><span class=\"\">.<\/span><\/span>[\/vc_column_text][\/vc_column_inner][\/vc_row_inner][vc_empty_space][vc_custom_heading text=&#8221;VIZIJA&#8221; font_container=&#8221;tag:h2|font_size:20|text_align:left|color:%23111111&#8243; el_class=&#8221;heading-title-3&#8243; css=&#8221;.vc_custom_1446071716533{margin-top: 30px !important;}&#8221;][vc_row_inner css=&#8221;.vc_custom_1432955866067{margin-bottom: 50px !important;}&#8221; el_class=&#8221;big-quote&#8221;][vc_column_inner width=&#8221;2\/3&#8243;][vc_column_text css_animation=&#8221;left-to-right&#8221;]Stalnim organizacijskim razvojem, poticanjem inovativnosti i osobnih kompetencija zaposlenika, uz osiguravanje prvoklasne kvalitete isporu\u010denih radova i usluga, unaprje\u0111ivati \u017eivotni prostor u kojem djelujemo.<\/p>\n<h4>DARKO,<\/h4>\n<p>direktor,<\/p>\n<p>MEPRO d.o.o.[\/vc_column_text][\/vc_column_inner][vc_column_inner width=&#8221;1\/3&#8243;][vc_column_text]<img decoding=\"async\" src=\"http:\/\/structurecdn.thememove.com\/01\/data\/images\/photo29.jpg\" alt=\"\" \/>[\/vc_column_text][\/vc_column_inner][\/vc_row_inner][\/vc_column][\/vc_row][vc_row el_class=&#8221;intro4 align-center min-box&#8221; full_width=&#8221;stretch_row_content&#8221; css=&#8221;.vc_custom_1432632778354{margin-bottom: 40px !important;background-color: #b71d1d !important;}&#8221;][vc_column width=&#8221;2\/3&#8243;][vc_custom_heading text=&#8221;Tra\u017eite rje\u0161enje za instalacije na Va\u0161em projektu?&#8221; font_container=&#8221;tag:h3|font_size:22|text_align:center|color:%23ffffff&#8221;][\/vc_column][vc_column width=&#8221;1\/3&#8243;][vc_btn title=&#8221;ZATRA\u017dITE PONUDU&#8221; style=&#8221;outline&#8221; shape=&#8221;square&#8221; color=&#8221;white&#8221; link=&#8221;url:http%3A%2F%2Fmepro.hr%2Fwp%2Findex.php%2Fmepro-naslovna%2Fzatrazi_ponudu%2F||&#8221;][\/vc_column][\/vc_row]<\/p>\n","protected":false},"excerpt":{"rendered":"<p>[vc_row css=&#8221;.vc_custom_1432547512827{margin-bottom: 50px !important;}&#8221;][vc_column width=&#8221;1\/4&#8243;][vc_widget_sidebar sidebar_id=&#8221;sidebar&#8221;][\/vc_column][vc_column width=&#8221;3\/4&#8243;][vc_custom_heading text=&#8221;O NAMA&#8221; font_container=&#8221;tag:h2|font_size:20|text_align:left|color:%23111111&#8243; el_class=&#8221;heading-title-3&#8243;][vc_row_inner el_class=&#8221;align-center .certifications-block&#8221;][vc_column_inner width=&#8221;1\/2&#8243;][vc_column_text css_animation=&#8221;right-to-left&#8221;]Od svog osnivanja, MEPRO je izgradio svoju reputaciju kao izvoditelj instalacija pod motom \u201eJEDAN TIM za sve instalacije\u201c. MEPRO-v uspjeh temelji se u poduzetni\u010dkoj predanosti uspjehu svojih klijenata i uspjehu svojih zaposlenika. MEPRO je &#8220;full-service&#8221; instalaterska tvrtka koja nudi niz usluga: [&hellip;]<\/p>\n","protected":false},"author":1,"featured_media":0,"parent":73832,"menu_order":0,"comment_status":"closed","ping_status":"closed","template":"","meta":{"footnotes":""},"class_list":["post-61","page","type-page","status-publish","hentry"],"_links":{"self":[{"href":"https:\/\/www.mepro.hr\/index.php\/wp-json\/wp\/v2\/pages\/61","targetHints":{"allow":["GET"]}}],"collection":[{"href":"https:\/\/www.mepro.hr\/index.php\/wp-json\/wp\/v2\/pages"}],"about":[{"href":"https:\/\/www.mepro.hr\/index.php\/wp-json\/wp\/v2\/types\/page"}],"author":[{"embeddable":true,"href":"https:\/\/www.mepro.hr\/index.php\/wp-json\/wp\/v2\/users\/1"}],"replies":[{"embeddable":true,"href":"https:\/\/www.mepro.hr\/index.php\/wp-json\/wp\/v2\/comments?post=61"}],"version-history":[{"count":22,"href":"https:\/\/www.mepro.hr\/index.php\/wp-json\/wp\/v2\/pages\/61\/revisions"}],"predecessor-version":[{"id":75094,"href":"https:\/\/www.mepro.hr\/index.php\/wp-json\/wp\/v2\/pages\/61\/revisions\/75094"}],"up":[{"embeddable":true,"href":"https:\/\/www.mepro.hr\/index.php\/wp-json\/wp\/v2\/pages\/73832"}],"wp:attachment":[{"href":"https:\/\/www.mepro.hr\/index.php\/wp-json\/wp\/v2\/media?parent=61"}],"curies":[{"name":"wp","href":"https:\/\/api.w.org\/{rel}","templated":true}]}}